t g be ((-13)/39)/((-1)/24). Suppose -3*h - b + 14 = -38, -b + 14 = h. Calculate the remainder when ((-7)/(-4))/(g/256) is divided by h.
18
Let d = -162 - -268. What is the remainder when d is divided by (10/(-20))/(1/(-54))?
25
Let h(i) = -i - 17. Let y be h(0). Let f = 24 + y. What is the remainder when 16 is divided by f?
2
Let f(z) = 30*z**2 - 5*z - 2. Calculate the remainder when 63 is divided by f(-1).
30
Let u(p) = p**3 - 18*p**2 + 27*p - 21. What is the remainder when 452 is divided by u(17)?
5
Let o = -9 + 38. Let l be 35/21 + (-2)/(-6). Calculate the remainder when o is divided by (1 - 11)*(-3)/l.
14
Let q = -966 + 1243. Calculate the remainder when q is divided by 56.
53
Calculate the remainder when (-1)/1*(-3 + 30*-6) is divided by 50.
33
Suppose -y = 4*k + 61, -y - 3*k - 237 = 4*y. Let l = y + 67. Suppose 4*b - 362 + 14 = 0. Calculate the remainder when b is divided by l.
21
Let s = -6 + 31. Suppose 0 = -7*f + 3*f + 20, 0 = -5*i - 2*f. What is the remainder when s is divided by 167/13 + i/(-13)?
12
Let x = -6 - -29. Suppose -s = -0*s + 204. Calculate the remainder when ((-1)/3)/((-5)/s)*-5 is divided by x.
22
Let z(y) = -y**3 - 2*y**2 + 8*y + 8. Calculate the remainder when 27 is divided by z(0).
3
Let a be (0 + -1)*(5 - 5). Suppose -96 = 4*d + 4*v, d + 30 = -a*d + 5*v. Let p = 43 + d. What is the remainder when 71 is divided by p?
17
Let m = 1215 + -1049. What is the remainder when m is divided by 84?
82
Let t = 49 - 6. Suppose -100 = -13*c + t. What is the remainder when ((-19)/2 - 0)*-2 is divided by c?
8
Let o(a) = -a**3 + 53*a**2 + 113*a + 176. Calculate the remainder when o(55) is divided by 38.
37
Suppose 5*t - 55 = 5*j, 56 = 4*t + 12*j - 10*j. What is the remainder when 231 is divided by t?
10
Let t be 4/6 + 13*4/12. Suppose 5*m + 0*p - 599 = 4*p, m + t*p = 114. Calculate the remainder when m is divided by 40.
39
Suppose 5 = 4*h - 9*h. Let f(k) = -4*k**3. Calculate the remainder when f(h) is divided by 2.
0
Let z(x) = -57*x - 8. Let h be z(-5). Suppose 13*c - 113 = h. What is the remainder when 83 is divided by c?
23
Let u(c) = c**3 + 11*c**2 - 59*c + 33. What is the remainder when 84 is divided by u(-15)?
12
Let c(z) = 4*z**2 + 9*z + 21. Calculate the remainder when c(6) is divided by 17.
15
Suppose -5*q = k - 762, 3*q + 3*k - 26 - 424 = 0. Suppose 2*r - q = -55. Calculate the remainder when r is divided by 13.
10
Suppose -178*j = -86*j - 8188. What is the remainder when 315 is divided by j?
48
Let j(u) = u**3 + 3*u**2 - 7*u - 11. What is the remainder when j(-3) is divided by 3?
1
Let o = 33 + -7. What is the remainder when o is divided by 0 + (-2 - 1) - -3 - -15?
11
Let w(i) = -i**3 - 3*i**2 + 4. Let u be w(-3). Let q = u - 1. Calculate the remainder when (-4)/(-5) + (-352)/(-160) is divided by q.
0
Suppose -3*a - 4*f = -80, 33 = -5*a + 2*f + 149. Suppose 0 = a*s - 19*s - 100. What is the remainder when 56 is divided by s?
16
Let b = -6882 + 7009. Let d(f) = -f**3 + 9*f**2 - 3*f - 8. What is the remainder when b is divided by d(8)?
31
Let l = 117 - 212. Let a = l + 118. Calculate the remainder when 68 is divided by a.
22
Let n(h) = -2*h - 1. Suppose -7*t + 570 = -t. Suppose 5*r + 0*r - t = 0. Calculate the remainder when r is divided by n(-3).
4
Suppose -5*g + 27 = k, 4*g + 9 = 3*g - 5*k. What is the remainder when 237 is divided by g?
3
Let i(l) = -10*l - 27. Suppose -3*u = -7*u + 148. What is the remainder when u is divided by i(-4)?
11
Let i be 2*3/(3/(-2)). What is the remainder when 45 is divided by 3*i/((-24)/46)?
22
Let t(u) = -u**3 - 3*u**2 - 2*u + 4. Calculate the remainder when t(-3) is divided by 177/(-118) - 36/(-8).
1
Let l = -8 + 44. Let v = 22 + -15. What is the remainder when l/(-2)*(-33)/22 is divided by v?
6
Let t(k) = -6*k - 170. Let z = 16 + -10. Calculate the remainder when t(-30) is divided by z.
4
Let o(h) = 2*h**2 - 3*h. Suppose -6*j + 2*j = -48. What is the remainder when o(4) is divided by j?
8
Let p = 328 + -193. Calculate the remainder when p is divided by 32.
7
Let k(c) = -2 + c - 66*c**2 + 68*c**2 - 1. What is the remainder when k(-5) is divided by 2?
0
Suppose 2*m - 7 = 27. Suppose -4*g - 4*n + 816 = 0, 822 = 4*g - 3*n + 27. Calculate the remainder when g is divided by m.
14
Suppose -94*f = -72*f - 176. Calculate the remainder when 36 is divided by f.
4
Suppose 28*o = 182 + 294. What is the remainder when 100 is divided by o?
15
Suppose -6*y - 3051 = -33*y. What is the remainder when y is divided by 19?
18
Let m = 545 - 515. Calculate the remainder when 87 is divided by m.
27
Suppose y - 4*p = 25, -y + 0*p = -p - 22. What is the remainder when 103/(87/(-58) + 5/2) is divided by y?
19
Suppose y - 31 - 25 = 0. Calculate the remainder when ((-16)/14 + 2)/(5/1295) is divided by y.
54
Calculate the remainder when (21/(-4))/((78/(-176))/13) is divided by 32.
26
Let z(o) = -22*o - 54. What is the remainder when 56 is divided by z(-3)?
8
Let i(c) = -25*c + 158. Let x(p) = 4*p - 10. Let o = 11 + -3. Calculate the remainder when x(o) is divided by i(6).
6
Calculate the remainder when 124 is divided by (-35)/455 - (-768)/13.
6
Let j(z) = -2*z**3 - z**2 + 3*z + 3. What is the remainder when 39*((-98)/(-21) - 4) is divided by j(-2)?
8
Suppose 0 = 5*m + 37 - 222. Suppose -16*p + 2436 - 116 = 0. What is the remainder when p is divided by m?
34
Let r(t) = t. Let m be 3/(1 + 5)*0. Let k be r(m). Calculate the remainder when 34 is divided by (k - (-36)/(-15))*-5.
10
Let a(m) = -3*m - 8. Suppose 5*y + 4*r - 14 = 0, 0 = 3*y + 3*r - 12 + 3. What is the remainder when -1 + 22 - 6/y is divided by a(-6)?
8
Let d be -6 + 16/4 + 2. Suppose -5*i + 389 + 26 = -2*j, d = -2*i - 2*j + 166. Calculate the remainder when i is divided by 21.
20
Let f = 51 - 19. Let q = -25 + f. Calculate the remainder when q is divided by 4.
3
Suppose 97 = 5*g - 18. What is the remainder when g is divided by 9?
5
Let l(i) = 2*i**2 + 1. Let z be l(-1). Suppose -z*u - 135 = -366. Calculate the remainder when u is divided by 20.
17
Suppose 1 = 3*t - 14. Suppose 0 = 4*a + t*v - 31, 4*a - 2*v - 6 = 4. Let o(m) = -m**3 + 6*m**2 + 10*m - 6. What is the remainder when o(7) is divided by a?
3
Suppose -z + 2*j - 102 = -2*z, -3*j = 3*z - 309. Let y = 946 + -911. What is the remainder when z is divided by y?
34
Let h(f) = f**2 - 8*f + 9. Let a be h(6). Let n = 9 - a. Suppose 2*v = 5*v - 15. What is the remainder when n is divided by v?
2
Let j be -2 - (-5)/((-20)/(-24)). Suppose j*m - 71 = -15. Calculate the remainder when m is divided by 8.
6
Suppose 3*g + 11 - 350 = -4*r, 452 = 4*g - 3*r. Calculate the remainder when g is divided by 27.
5
Suppose 0 = -3*w + j + 115, -2*w - 2*w + 3*j = -145. Calculate the remainder when 57 is divided by ((-58)/(-10))/(8/w).
28
Let n(m) = -2*m**2 - 64*m - 55. What is the remainder when n(-28) is divided by 37?
21
Calculate the remainder when 88 is divided by (7/((-49)/(-42)))/((-2)/(-14)).
4
Let w(i) = -7*i**2 - 32*i - 26. Calculate the remainder when 316 is divided by w(-3).
1
What is the remainder when 60 is divided by 74/6*(-11)/(121/(-33))?
23
Suppose 143 = 10*g + g. Suppose -v + 0*u = 5*u - g, u + 52 = 4*v. Calculate the remainder when 30 is divided by v.
4
Suppose -3*y + 5*g + 315 = 0, 0 = 5*y - 7*y - 2*g + 226. Calculate the remainder when y is divided by 28.
26
What is the remainder when (-49)/(-42) + 12925/66 is divided by 65?
2
Let n(t) be the third derivative of t**5/15 + t**4/24 + t**3/6 + 9*t**2. What is the remainder when n(-4) is divided by 21?
19
Let p = 190 - 109. Calculate the remainder when 181 is divided by p.
19
Suppose 0 = -4*l - n + 118, l - 43 = -4*n - 6. Let s(j) = j**3 + 4*j**2 - j - 2. What is the remainder when l is divided by s(-3)?
9
Let m be (1 + -5 - -1) + (-15)/(-1). Calculate the remainder when (10/(-8))/((-3)/m)*3 is divided by 10.
5
Let l be (1/2 - 1)/((-29)/(-3422)). Let w = 74 + l. Calculate the remainder when 72 is divided by w.
12
What is the remainder when 226 is divided by 5/(-15)*(488/(-4) + -1)?
21
Let k = -169 + 187. What is the remainder when 32 is divided by k?
14
Suppose -4*t - 60 = -19*t. Let i = -14 - -44. Suppose 0*n + 2*o - 42 = -4*n, 4*o - i = -2*n. What is the remainder when n is divided by t?
1
Let q(o) = -o**2 - 11*o - 12. Suppose 5*c = 409 + 211. Calculate t